he remainder when g is divided by 6.
3
Let z = -43 - -68. Calculate the remainder when 59 is divided by z.
9
Suppose d + 4*d = -50. Suppose -2*o + s = -38 - 5, 4*o - 96 = 4*s. What is the remainder when o is divided by d*2/8*-4?
9
Let s = -8 - -21. What is the remainder when s is divided by 8?
5
Suppose -5*x - x + 240 = 0. What is the remainder when x is divided by 7?
5
Let o = -651 - -679. Suppose -4*c + 4 = -16. Suppose -2*v = -c*v + 30. What is the remainder when o is divided by v?
8
Suppose -3 = o, -4*m + 4 = o - 5. Let t = 10 + -10. Suppose -m*i + 4*v = -22, t = -0*v - 5*v + 10. What is the remainder when i is divided by 4?
2
What is the remainder when (27 - 19)*4/2 is divided by 6?
4
Let w = -37 - -58. Calculate the remainder when w is divided by 11.
10
Suppose -3*o = 4*l - 17, -3*l + 4*o = 9 - 3. Let t(m) = -7 + 10*m**2 + 1 + 7. Calculate the remainder when t(l) is divided by 11.
8
Suppose -4*x - 30 = 22. Let n = x + 27. What is the remainder when 25 is divided by n?
11
What is the remainder when 44 + 1 + 1 + -1 is divided by 12?
9
Let c be (-4 - (-4)/2)*-5. Suppose c*s - 31 = 9*s. Suppose -5*w + 116 = s. What is the remainder when w is divided by 10?
7
Let w = -13 - -20. Suppose -w*t + 20 = -5*t. Calculate the remainder when 39 is divided by t.
9
Let k(q) = -8*q**2 - 7*q + 6. Let u(b) = 4*b**2 + 3*b - 3. Let f(y) = 2*k(y) + 5*u(y). What is the remainder when f(-3) is divided by 16?
14
Suppose 0 = -68*o + 75*o - 420. Calculate the remainder when o is divided by 9.
6
Let l(k) = 10*k + 12 - k**2 - 3*k - 16*k. What is the remainder when 35 is divided by l(-9)?
11
Let z(w) = 6*w - 1. What is the remainder when 48 is divided by z(3)?
14
Let o = -1 - -27. Suppose o = n + 5*k, 4*n + n - 67 = -4*k. Let z(y) = y**3 + 7*y**2 - 10*y + 4. Calculate the remainder when z(-8) is divided by n.
9
Suppose q + 12 = -6. Let x = q + 30. Calculate the remainder when 22 is divided by x.
10
Suppose -6*f = -5*f - 18. Suppose -b = u - f, -4*u - b = -34 - 38. Calculate the remainder when 71 is divided by u.
17
Let n(f) = -f**2 - 8*f + 6. Let s be n(-9). Calculate the remainder when 42 is divided by 132/2*s/(-9).
20
Suppose -6*t + 3*t = g, -5*g = 4*t. Suppose -2*r + 13 + 25 = t. What is the remainder when r is divided by (-3)/2*20/(-3)?
9
Let s = 34 + -16. Let j = s - 10. Let w(u) = -u**3 + u + 5. What is the remainder when j is divided by w(0)?
3
Let u(c) = 7*c - 2. Let i = -143 - -65. Let q = 112 + i. What is the remainder when q is divided by u(2)?
10
Suppose x = -2*x + 6. Suppose x*w + 20 = -4*r, 4*r - 6 + 26 = 0. Suppose -5*q + 46 - 6 = w. What is the remainder when 30 is divided by q?
6
Suppose -5*y = -n + 2*n - 63, 4*n + 24 = 3*y. Calculate the remainder when 33 is divided by y.
9
Let b(q) = -q**2 + 16*q - 19. What is the remainder when 54 is divided by b(12)?
25
Suppose 2*n - 236 = 2*u - 5*u, -5*u - 5*n = -390. Calculate the remainder when u is divided by 14.
10
Suppose -7 + 82 = -5*u. Let k = u + 36. Calculate the remainder when 81 is divided by k.
18
Let g(p) = p**3 - 23*p**2 + 21*p + 42. What is the remainder when 54 is divided by g(22)?
14
Suppose 4*k = 30 - 6. Suppose 2*j - 14 - 4 = 0. Calculate the remainder when j is divided by k.
3
Suppose 5*a + 2*w - 163 = 0, a = -a - w + 65. What is the remainder when a is divided by 19?
14
Let i(a) be the third derivative of a**5/15 - a**4/8 - a**3/3 - 3*a**2. What is the remainder when i(-2) is divided by ((16 + -2)*-1)/(-2)?
6
Suppose 73 = 14*h - 81. Calculate the remainder when 42 is divided by h.
9
Calculate the remainder when 63 is divided by -1 + 85/10*2.
15
Calculate the remainder when (-1)/(2/(-1 - 73)) is divided by 53/5 + (-39)/65.
7
Let h(z) = -z**3 - 14*z**2 - 13*z + 32. What is the remainder when 157 is divided by h(-13)?
29
Suppose 10*o + o = 121. Calculate the remainder when o is divided by 3.
2
Let x(f) = 5*f - 3. Let l be x(6). Suppose -4*i + l = -i. Let t(z) = -2*z + 12. What is the remainder when t(-7) is divided by i?
8
Let m(s) = s**3 + 3*s**2 - 4*s - 2. Calculate the remainder when 34 is divided by m(-3).
4
Let x = 69 - 49. Suppose -5*a = -a - x. Calculate the remainder when 19 is divided by a.
4
Suppose -v + 4*v = -q - 629, 5*q - v + 3113 = 0. Let p = 84 + -85. What is the remainder when p/4 - q/28 is divided by 6?
4
Suppose 0 = -0*b - b + 6. What is the remainder when 66 is divided by -6 + b - 1*-23?
20
Let c(z) = -z**3 + 12*z**2 + 6*z - 30. What is the remainder when c(9) is divided by 30?
27
Suppose 0 = -3*z - 3*z + 162. Calculate the remainder when z is divided by 16.
11
Let q(d) = -32*d + 9. Let r be q(-18). Suppose u + r = 6*u. What is the remainder when u is divided by 30?
27
Suppose 0 = 3*z - k - 96, -21 - 3 = -z + 3*k. Suppose 0*r + 3*r - z = 0. Calculate the remainder when 21 is divided by r.
10
Let a(l) = l**3 - 14*l**2 + 26*l. Calculate the remainder when 45 is divided by a(12).
21
Suppose 8 = 3*q - 64. Let m(v) = -v**3 + 4*v**2 - v + 3. Let x be m(3). Suppose s = 2*s - x. Calculate the remainder when q is divided by s.
6
Let f = 3 + 1. Let j(w) be the second derivative of -w**3/6 - w**2 + 3*w. Calculate the remainder when f is divided by j(-4).
0
What is the remainder when (-18)/(0 - (-1 + 2)) is divided by 30*((-6)/(-9) - 1)/(-1)?
8
Calculate the remainder when (20/5 - -6) + -4 is divided by 4.
2
Suppose 2*n = 5*w + 41, 0 = -n - 2*w + 3 + 4. Let s = n - 5. Calculate the remainder when 23 is divided by s.
7
Let s = -18 - -21. Suppose 5*g = s*m - 61, 2*m - 3*g - 4 = -7*g. Calculate the remainder when 22 is divided by m.
10
Let r(p) = p**3 + 5*p**2 - p. Suppose 4*b - 14 = -2*m, -3*m + 4 = -2*b - 1. Let c = b - 0. Calculate the remainder when r(-5) is divided by c.
1
Suppose -4*q = -5*q + 3. Let v(w) = w**2 + 2*w + 1. Let s(r) = -r**2 - r - 3. Let z be s(0). Calculate the remainder when v(z) is divided by q.
1
Suppose 58 = 4*x + 2*s, 34 = 4*x + s - 29. What is the remainder when x is divided by (-315)/(-54) - (-2)/12?
5
Let q = 30 - 18. Let f = -5 + 1. Calculate the remainder when 2 is divided by q/(-15)*10/f.
0
Let r(k) = -k + 7. Calculate the remainder when 57 is divided by r(-13).
17
Let k(y) = y**3 - 3*y**2 - 5. Let s(t) = 3*t - 4 + 1 + 6*t - 1. Calculate the remainder when s(4) is divided by k(4).
10
Let c = 83 + -50. Calculate the remainder when 96 is divided by c.
30
Let p be 2/1 + (1 - 0). Suppose -28 = -p*l - 1. Calculate the remainder when 26 is divided by l.
8
Suppose 7*g - 305 = -102. Calculate the remainder when 40 is divided by g.
11
Let x be 6/(-4) - 36/(-8). Suppose -g - 5 = 0, -4*g + g + 144 = -x*q. Let b = -20 - q. What is the remainder when b is divided by 17?
16
Let h(m) = 6*m - 26. Calculate the remainder when (-160)/(-6) + 1/3 is divided by h(6).
7
Let r(j) = 4*j - 2. Suppose -x + 4 = -0. What is the remainder when 40 is divided by r(x)?
12
Suppose 95 = 5*b + 5*i, -5*i = -5*b + 3*b + 52. What is the remainder when 30 is divided by (-7)/b + 98/6?
14
Suppose 4*y = 3*s + 135 + 215, -2*y + 184 = 3*s. What is the remainder when y is divided by 15?
14
Let r = -4 + 5. Calculate the remainder when (1/1 - r) + 33 is divided by 17.
16
Let i = -14 - -27. Suppose 125 = 4*h - 19. What is the remainder when h is divided by i?
10
Suppose -53 = -2*j - 5*v, 2*j - 3 = 8*v - 3*v. Suppose 2*h - 4*g = 40, -2*h - g + 22 = g. What is the remainder when ((-82)/(-4))/(7/h) is divided by j?
13
Let x = -17 + 39. Let q = x + -16. Calculate the remainder when 10 is divided by q.
4
Suppose 132 = 2*x - 3*l, -6*x - 2*l = -2*x - 296. What is the remainder when x is divided by 38?
34
Suppose d + 4*m + 95 = 0, 4*d + d + 400 = 5*m. Calculate the remainder when 4/(-18) - d/9 is divided by 6.
3
Let h(b) be the first derivative of -7*b**2 - 4*b - 5. What is the remainder when h(-2) is divided by 9?
6
Let z(j) = -j**3 - 5*j**2 - 5*j - 2. Let p(k) = -6*k**2 - k. Let r be p(-1). Calculate the remainder when z(r) is divided by 6.
5
Let u(j) = -9*j - 8. Calculate the remainder when u(-10) is divided by 21.
19
Let f(s) be the first derivative of s**4 + 3*s**2/2 - s + 7. Calculate the remainder when f(2) is divided by 8.
5
Let i(m) = -3 + 4 + m + 6. Let t(c) = 2*c + 1. Let b be t(2). Calculate the remainder when 35 is divided by i(b).
11
Let s(g) = 5*g**2 + g**3 - 2*g - g - 4*g + 4. Let p be ((-6)/